ghest common factor of 16312 and 13712?
8
Calculate the greatest common divisor of 695220 and 190.
10
What is the highest common factor of 6080 and 1061492?
76
Calculate the highest common divisor of 39259 and 134543.
83
What is the greatest common divisor of 693265 and 13115?
305
Calculate the greatest common factor of 61750 and 42412750.
4750
Calculate the greatest common divisor of 11231250 and 6750.
750
Calculate the highest common factor of 73206 and 2699802.
882
What is the highest common factor of 2547660 and 420?
60
Calculate the highest common factor of 133 and 2347947.
7
What is the highest common factor of 28 and 11192804?
28
What is the highest common divisor of 5115939 and 9348?
123
Calculate the highest common divisor of 377 and 20561.
29
Calculate the highest common factor of 5302 and 132223927.
2651
Calculate the highest common factor of 2989 and 553757085.
2989
Calculate the highest common divisor of 314 and 6471697.
157
What is the highest common factor of 25620 and 302988?
84
Calculate the greatest common divisor of 3881436 and 1826695.
2327
What is the greatest common divisor of 111 and 176494033?
37
What is the greatest common divisor of 1080 and 14535760?
40
Calculate the greatest common factor of 257392 and 52368.
16
What is the highest common divisor of 618870644 and 28?
28
Calculate the highest common factor of 492 and 255332748.
492
Calculate the greatest common divisor of 3880740 and 372.
12
What is the greatest common divisor of 1440411 and 476973?
2373
What is the highest common factor of 89335 and 4930?
85
Calculate the greatest common divisor of 2646 and 2895753.
147
Calculate the greatest common factor of 11269066 and 8331.
2777
What is the highest common divisor of 277313 and 257950?
67
What is the highest common factor of 14409725 and 124135?
3355
What is the highest common factor of 3 and 7563471?
3
Calculate the greatest common factor of 532 and 7783027.
133
Calculate the greatest common factor of 216 and 72522.
54
Calculate the highest common factor of 1519 and 23206400.
49
Calculate the highest common factor of 40 and 615136.
8
Calculate the greatest common factor of 1433360 and 381915.
4715
What is the highest common factor of 32 and 1665372?
4
Calculate the highest common factor of 314384 and 223832.
392
What is the highest common divisor of 52856024 and 4?
4
What is the greatest common factor of 209299280 and 1280?
80
What is the greatest common divisor of 6649 and 2933246?
61
Calculate the highest common factor of 31381116 and 2652.
2652
What is the greatest common divisor of 6321 and 1371141?
129
What is the greatest common factor of 184 and 1457170520?
184
What is the greatest common factor of 15948 and 133812?
36
What is the greatest common factor of 3994788 and 105?
21
Calculate the greatest common factor of 24235 and 313205.
185
What is the greatest common divisor of 1440 and 32382240?
480
What is the highest common factor of 252793 and 63015193?
8717
What is the greatest common factor of 121798656 and 112?
112
Calculate the highest common divisor of 36 and 36752392.
4
Calculate the greatest common factor of 34 and 69094698.
34
Calculate the highest common divisor of 2497 and 14674.
11
Calculate the highest common factor of 2848 and 197464.
8
Calculate the highest common divisor of 225442 and 826.
14
Calculate the greatest common divisor of 346 and 3421994.
2
Calculate the greatest common divisor of 5720929 and 34505.
6901
Calculate the greatest common divisor of 8029922 and 321.
107
What is the highest common divisor of 285 and 34942755?
15
What is the highest common factor of 364 and 637532?
28
Calculate the highest common divisor of 1078 and 580954.
22
Calculate the greatest common factor of 3109360 and 20.
20
What is the highest common divisor of 2321 and 21328091?
211
What is the greatest common factor of 18442480 and 560?
560
What is the greatest common factor of 3544 and 4267862?
886
Calculate the greatest common divisor of 19450 and 93200.
50
What is the greatest common factor of 770 and 2165790?
110
Calculate the highest common divisor of 620352 and 5292.
108
Calculate the highest common factor of 7752 and 762321344.
2584
What is the greatest common divisor of 182410 and 422762?
2146
What is the highest common factor of 936 and 217232?
8
What is the highest common divisor of 207700221 and 618?
309
Calculate the greatest common factor of 208 and 12406472.
104
What is the highest common factor of 620 and 70111150?
310
What is the highest common factor of 2498657 and 343?
49
What is the greatest common factor of 7909699 and 266?
7
What is the greatest common factor of 860 and 1411432?
172
Calculate the highest common divisor of 1306787 and 42631.
89
Calculate the highest common factor of 5557 and 148266317.
5557
Calculate the greatest common divisor of 39556 and 1134848.
1364
What is the highest common factor of 8577 and 243621?
9
What is the highest common divisor of 6230 and 570490?
890
What is the highest common factor of 89056 and 707894?
506
What is the greatest common divisor of 3904800 and 2400?
2400
Calculate the greatest common divisor of 3636 and 7054396308.
3636
What is the highest common factor of 3767425 and 10675?
25
Calculate the highest common divisor of 7818156 and 130824.
2844
Calculate the greatest common factor of 10878 and 415806.
222
What is the highest common divisor of 1197 and 61299?
63
Calculate the greatest common divisor of 15 and 8690015.
5
What is the greatest common divisor of 3814044 and 26772?
276
What is the greatest common divisor of 113392 and 668800?
304
What is the highest common factor of 3068248 and 101040?
3368
What is the greatest common divisor of 10089 and 139137?
57
What is the highest common factor of 65124588 and 333?
111
What is the highest common factor of 34245192 and 60?
12
What is the highest common divisor of 35 and 11248521?
1
What is the greatest common factor of 2198450 and 125?
25
What is the greatest common divisor of 274418346 and 43?
43
What is the highest common factor of 318159 and 2871?
261
Calculate the greatest common factor of 973808 and 48279952.
8048
Calculate the greatest common factor of 14254305 and 172380.
2535
Calculate the greatest common divisor of 257 and 40625789.
257
What is the highest common factor of 10454350 and 740?
370
Calculate the highest common factor of 14 and 53244394.
14
Calculate the greatest common factor of 324 and 40276116.
324
What is the highest common factor of 8575 and 14049280?
1715
What is the highest common divisor of 641 and 41745766?
641
What is the greatest common divisor of 920320 and 255245?
3595
Calculate the highest common factor of 32 and 1498676.
4
What is the highest common divisor of 29502387 and 130761?
4509
Calculate the highest common factor of 148 and 15968201.
37
What is the greatest common factor of 7007274 and 8733?
213
What is the greatest common divisor of 32 and 1381209760?
32
Calculate the highest common factor of 3587 and 462094.
17
What is the highest common factor of 1212 and 332124?
12
Calculate the greatest common divisor of 221186 and 107506.
98
Calculate the highest common divisor of 15 and 87313035.
15
Calculate the highest common divisor of 149920 and 116800.
160
What is the highest common factor of 4225900 and 87500?
700
Calculate the highest common divisor of 1058 and 3987349.
23
What is the highest common divisor of 3568610 and 115238?
314
Calculate the highest common factor of 243341976 and 47760.
4776
What is the highest common factor of 8221 and 1947?
1
Calculate the greatest common divisor of 208 and 19211686.
26
What is the highest common factor of 300 and 2929150?
50
What is the greatest common divisor of 410970 and 529872?
798
What is the greatest common factor of 18271392 and 13920?
2784
Calculate the highest common factor of 27145865 and 195.
5
What is the greatest common divisor of 14525400 and 850?
50
Calculate the greatest common divisor of 4280 and 396168.
8
What is the greatest common factor of 18639291 and 1221?
33
What is the greatest common factor of 7304 and 690008?
88
Calculate the highest common divisor of 1119 and 407689.
373
Calculate the greatest common factor of 901600 and 303200.
800
What is the highest common divisor of 105918 a